4*n + 9 + 19 = 0. Let c = n - 6. Let b(u) = 29*u**3 - 2*u**2 + 2*u - 1. List the prime factors of b(c).
2, 7
Suppose -l = 2*v - 4051, -8096 = -4*v - 3*l - l. What are the prime factors of v?
2027
Let g(a) = 1072*a + 46 - 1080*a + 0*a**2 - 2*a**2. Let q be g(7). List the prime factors of 9/6*-1*q.
2, 3
Suppose -60*p - 4*n + 65598 = -58*p, -3*n - 15 = 0. What are the prime factors of p?
7, 43, 109
Let y(f) = 2*f**2 + 27*f - 85. Let p be y(-24). Let m = 637 - p. What are the prime factors of m?
2, 109
Let m(f) = 7*f**2 - 63*f + 1359. What are the prime factors of m(27)?
3, 23
Suppose 7*x + 253 + 1189 = 0. Let z = x + 244. What are the prime factors of z?
2, 19
Let k(x) = 49*x**2 + 69*x - 141. List the prime factors of k(-11).
47, 107
Let x be 12/27 - 32/72. Suppose x = 3*a + 3*m - 3708, a - 3*m - 1236 = m. List the prime factors of a.
2, 3, 103
Let f = -68 - -71. Let g(i) = i**3 - i**2 - 2*i + 4. Let t be g(f). What are the prime factors of (-1 - -2) + t/(-4) - -75?
2, 3
Let n(v) = v + 29. Let d be n(-11). Let r be (-8871)/15 + d/45. Let y = r + 839. List the prime factors of y.
2, 31
Suppose f - 7*t - 5217 = -11*t, 3*t + 5259 = f. What are the prime factors of f?
3, 1747
What are the prime factors of (-424948)/(-155) + (-1)/((-5)/2)?
2, 3, 457
Suppose 2*l = 4*i + l - 18, -2*i + 2*l = -6. Suppose -4*z + 7*f - 12*f = -3396, -5*f = i*z - 4250. List the prime factors of z.
2, 7, 61
Suppose 22*c = -73 - 59. What are the prime factors of (-21)/14 - (2 - (-9369)/c)?
2, 19, 41
Let i be (-2)/4 - ((-38)/4 - -5). List the prime factors of (258/(-24) + i)/((-3)/536).
2, 3, 67
Let r(f) = 16*f + 15 + 739*f + 561*f + 138*f + 136*f. What are the prime factors of r(1)?
3, 5, 107
Let f(o) = o**3 - 3*o**2 - 9*o - 2. Let j be f(5). Suppose 1089 = 3*k - j*q, q - 12 = -3*q. List the prime factors of k.
2, 3, 61
Let h = -572 - -922. Let a = h + 48. List the prime factors of a.
2, 199
Let f be ((-3)/9)/((-4)/(-12)). Let w(n) = -362*n**3 - 2*n**2 + 4*n + 4. What are the prime factors of w(f)?
2, 3, 5
Let l be 1/(3 - 356/118) + 0. Let u = l + 176. List the prime factors of u.
3, 13
Suppose w - 10 = 5*i, -2*w + 24 = -3*i - 24. Let k be 3/(-5) + 3/w*6. Suppose -3*d = -m - 10, d + 4*m = -k*d + 12. What are the prime factors of d?
2
Suppose 19*r - 184553 + 49220 = 190612. What are the prime factors of r?
5, 47, 73
Let o be 1*((1 - -2) + 0). Let i(r) = 31 + 121 + r**o - 27. What are the prime factors of i(0)?
5
Suppose 1938570 = 87*o + 103*o. List the prime factors of o.
3, 19, 179
Suppose 70*d - 72*d - x = -56915, 0 = 5*d - 4*x - 142281. What are the prime factors of d?
11, 13, 199
Suppose o - y = 55, 10*y + 4 = 11*y. Suppose 3*n + o = q - 323, n = 4*q - 1495. What are the prime factors of q?
373
Suppose -5*f - 3*g = -137115, -25 = 199*g - 194*g. List the prime factors of f.
2, 3, 7, 653
Suppose 5*z - 27 = 2*z. Suppose -5*h = -z*h + 28. Suppose 0 = h*m + 2*m - 1629. List the prime factors of m.
181
Suppose c - 3*c - 7997 = -3*g, -5*g - 4*c + 13365 = 0. Let b = g + -1562. What are the prime factors of b?
3, 41
Let v be ((-6)/9 - 2)*3*2. Let k be -10*(-4)/v*-2. Suppose 0 = -k*o + 290 + 320. List the prime factors of o.
2, 61
Suppose 2*t - 56 = -2*p, -3*t + 2*p - 6*p + 85 = 0. Suppose t*x - 16914 = 3660. What are the prime factors of x?
2, 3, 127
Suppose -2*s = h - 82811, 5*h - 141040 = 5*s + 273000. What are the prime factors of h?
3, 3067
Let x(w) = w - 6. Let h = 46 + -36. Let k be x(h). Suppose s - 121 = 4*p + 62, k*s - 5*p - 699 = 0. List the prime factors of s.
3, 19
Suppose 8 = 2*r, 887 = 5*t - 2*t - r. List the prime factors of (-66)/165 - t/(-5).
59
Suppose -124*y + 798912 = 180*y. What are the prime factors of y?
2, 3, 73
Suppose -3*y + 3*y = -2*y. Let v = y + 45. List the prime factors of v.
3, 5
Suppose -4*q + 6074 = 33*m - 34*m, -2*q + 3030 = -4*m. List the prime factors of q.
7, 31
Let i(y) = y**3 - 132*y**2 + 397*y + 1521. What are the prime factors of i(132)?
3, 5, 719
Let c(b) = b + 33. Let j be c(-19). Suppose -4*k + 18 + j = 0. Let i = 37 + k. What are the prime factors of i?
3, 5
Let o(y) = 13*y + 66. Let k be o(-5). List the prime factors of 5070/(-60)*(-14)/k.
7, 13
Let n(i) = 5*i**2 - 4*i**2 + 3*i**2 - 15 + 42*i - 16*i. Let o be n(10). Suppose -t - 83 - o = -4*k, -t = -2*k + 362. What are the prime factors of k?
3, 61
Let d be (7 + -1)*(-9)/(-18). Let a(m) = 104*m + 17. What are the prime factors of a(d)?
7, 47
Let q = -261 - -256. Let k(j) be the third derivative of j**5/30 + j**4/4 + j**3 - 2*j**2. List the prime factors of k(q).
2, 13
Let o = 30 - 30. Let z(t) = -t**3 + 2*t**2 + t - 2. Let d be z(o). List the prime factors of (22/3)/(d/(-42)).
2, 7, 11
Let u(c) = -49*c - 48. Let r be u(13). Let t = -333 - r. List the prime factors of t.
2, 11
Suppose 6*s - 3*r = 3*s - 1041, -s - 349 = -2*r. Let z be (3/(-2))/(s/(-116) - 3). Let h = -15 + z. List the prime factors of h.
43
Let b(t) = -145*t + 2848. List the prime factors of b(-38).
2, 3, 7, 199
Let j = 184 - 187. Let q(n) = -15*n - 2. List the prime factors of q(j).
43
Let y = 38 - -370. Let z = y + 676. What are the prime factors of z?
2, 271
Suppose 0 = -38*a + 37*a + 2. What are the prime factors of (3 + 571 - -4)*1/a?
17
Suppose -45*x + 6*x + 858 = 0. Let n = 71 - 35. Let v = n - x. List the prime factors of v.
2, 7
Let g(s) = 250*s + 2832. List the prime factors of g(42).
2, 3, 11, 101
Suppose 2*h - 38 = 2*a, 0*a = -3*h + a + 61. Suppose -4*y + 333 + h = 2*w, -2*w = 2*y - 356. List the prime factors of w.
179
Let z be (-1809 + (-14 - -27))/(1 - 5). Let y = 588 + z. List the prime factors of y.
17, 61
Suppose -232879 + 673031 = 74*b. List the prime factors of b.
2, 1487
Let g(c) = c**3 + 20*c**2 + 19*c. Let h be g(-19). Suppose -14*m + 8*m + 432 = h. What are the prime factors of m?
2, 3
Suppose -5*c - 2*t + 7 = 0, 3*c + 1 = 4*t - 0*t. Let w be 0/((-3)/c) - 0. Suppose 3*m = -w*m + s + 292, 4*m - 3*s = 381. What are the prime factors of m?
3, 11
Let x be 1*-6*(-3)/9. Let y(c) = 14*c**3 + 2*c**2 - 4. Let p be y(x). Let j = p + -66. What are the prime factors of j?
2, 5
Let o(p) = -p**3 + 63*p**2 + 159*p + 489. What are the prime factors of o(46)?
5, 17, 103
Suppose -20*s + 18*s = 0. Suppose s*n - 2*n - 2 = 2*a, 2*n + 3*a = -6. Suppose -p + 7 = w, p + 2*w - n - 1 = 0. List the prime factors of p.
2, 5
Let m = 61155 + -36305. List the prime factors of m.
2, 5, 7, 71
Let z(u) = u**3 + u - 5. Let x be z(0). Let f = -4786 - -4784. What are the prime factors of (x + 3)/f - -128?
3, 43
Suppose -9*p - 3*l - 133744 = -13*p, -4*p + 4*l = -133752. What are the prime factors of p?
2, 5, 3343
List the prime factors of (-1 - -22065) + ((-360)/(-15) - 27).
13, 1697
Suppose i + 325 = 5*n, 3*n + 66 = 2*i + 254. Let b = n - 74. Let k(q) = 3*q**2 + 7*q + 17. List the prime factors of k(b).
3, 17
Suppose 2*p + 2*r = 63710, 4*p - 127420 = 5*r - 0*r. List the prime factors of p.
5, 23, 277
Suppose 0 = -38*a + 230566 + 189448. List the prime factors of a.
7, 1579
Suppose 625879 + 469449 = -35*i + 87*i. What are the prime factors of i?
2, 2633
Let y = 5021 - -12937. What are the prime factors of y?
2, 3, 41, 73
Suppose 0 = 605*w - 567*w - 2451684. What are the prime factors of w?
2, 3, 10753
Let o(v) = v**2 + 5*v - 16. Let q(s) = s**2 - 4*s + 8. Let g = 5 - 2. Let w be q(g). What are the prime factors of o(w)?
2, 17
Suppose -2*l - 2950 = -n, 3*l - 11167 - 3492 = -5*n. What are the prime factors of n?
2, 367
Let l be (-10)/(-15)*81/18. List the prime factors of ((-394)/l)/(5 + 48/(-9)).
2, 197
Suppose 7*i - 4*i = 2*u - 24380, -3*i - 60968 = -5*u. What are the prime factors of u?
2, 3049
Let p(b) = -b**3 + 24*b**2 - 44*b + 2. Let j be p(22). Suppose j*z = 12*z - 3270. What are the prime factors of z?
3, 109
What are the prime factors of ((-488208)/196)/((-2)/7)?
2, 3, 1453
Let v(d) = d**3 + 8*d**2 - 3*d - 24. Let p be v(-8). Let n be 1 - 6*16/(-6). Suppose p = -2*g + 3*g - n. What are the prime factors of g?
17
Suppose -5*q - 2912 = -4*p, 0 = -3*p - 0*q + 2*q + 2191. Let v = p + -44. What are the prime factors of v?
13, 53
Suppose 0 = -2*n - 0*q + 2*q + 10, n + q = 5. Suppose -5*w - n*u + 690 = 0, w = -5*u + 63 + 83. Suppose 15 = -c + w. What are the prime factors of c?
11
Let m be 3 - 42*(-4)/(-8). Let i = 274 - 40. Let 